ainder when 101 is divided by r(q)?
1
Suppose 2*c + 2*c - 124 = 0. Calculate the remainder when (32/(-80))/(2/(-1380) + 0) is divided by c.
28
Let l(m) = m**3 + 8*m**2 + 3*m + 4. Suppose -5*b = -24*b + 6061. What is the remainder when b is divided by l(-7)?
31
Let q(z) = -1227*z - 479. Suppose t + 70 = 3*o - 3*t, -3*t + 15 = 0. Calculate the remainder when q(-1) is divided by o.
28
Suppose 199*p - 3849 = 26*p + 995. Calculate the remainder when 220 is divided by p.
24
Let w(j) = -310*j**2 + 4651*j + 15. Let a = 21 + -13. Calculate the remainder when w(15) is divided by a.
6
Let x(l) = l**3 - l**2 + 4*l + 303. Suppose 19 - 16 = -4*a - 3*i, 0 = 4*a - 2*i - 2. What is the remainder when x(a) is divided by 34?
31
Let a be 16/(-10)*(-2 + (-33)/6). Suppose 20 = 8*z + a. Let k(x) = 53*x**2 + 1. What is the remainder when k(z) is divided by 32?
22
Let c = -28 - -44. Let p(t) = -3*t**3 + 88*t**2 - 23*t - 167. Calculate the remainder when c is divided by p(29).
2
Let u(y) = y - 1. Let j(s) = -29*s + 38. Let a be j(-2). Suppose 97*p - a = 91*p. Calculate the remainder when p is divided by u(6).
1
Suppose n = 5*g - 260, 0 = 5*n + 18 + 7. Let y = g + -44. Calculate the remainder when 28 is divided by y.
0
Let j = -2261 + 2279. Calculate the remainder when 1925 is divided by j.
17
Suppose 431*o - 239146 = 400*o - 30888. What is the remainder when o is divided by 80?
78
Let k(o) = -437*o - 4058. Calculate the remainder when k(-10) is divided by 150.
12
Let q = 207 - 200. Calculate the remainder when 86 is divided by (130/(-91) - 4/q) + 13.
9
Let m(g) = -2*g**3 - g. Let i(t) = -10*t**3 + 49*t**2 - 24*t - 78. Let u(r) = i(r) - 4*m(r). What is the remainder when 103 is divided by u(24)?
13
Let s(x) = -2*x**2 - 12*x - 16. Let i be s(-3). Calculate the remainder when -534*i/(-28) - (-4)/(-28) is divided by 4.
2
Let u(a) = -a**3 + 7*a**2 + 15*a - 3. What is the remainder when u(7) is divided by -1*(26*-2)/1?
50
Let t(a) = -a**3 + a + 56. Suppose 555 = -2860*d + 2897*d. Calculate the remainder when t(0) is divided by d.
11
Let i(b) = -b**2 - 9*b + 810. Let l = 21 + 188. Let q = -143 + l. Calculate the remainder when q is divided by i(-33).
12
Let q = -39903 - -39915. Let y = -11 + 21. Let s = -6 + y. Calculate the remainder when q is divided by s.
0
Let d(c) = c**3 - 11*c**2 + 36*c + 9. What is the remainder when 3000 is divided by d(5)?
36
Suppose 0*f + 88 = 4*f + 5*l, -l + 23 = f. Let h = 7 - 66. Let t = 46 - h. Calculate the remainder when t is divided by f.
24
Suppose -i + 18 = -47. Suppose 2*d - 2*u = -86, -5*u - 82 - 18 = 2*d. Let j = d - -79. Calculate the remainder when i is divided by j.
31
Let h = -2013 - -2027. Calculate the remainder when 79 is divided by h.
9
Let y = 7741 + -7700. Calculate the remainder when 957 is divided by y.
14
Suppose a + a = 96. Suppose -16 + 932 + 8 = 44*h. Calculate the remainder when a is divided by h.
6
Suppose -8*d = l - 4*d, 3*l = -5*d + 21. Suppose -95 + l = j. What is the remainder when -12 + 13 - (j/1 - -1) is divided by 17?
15
Let l(y) = -3*y + 8. Calculate the remainder when (18590/(-195))/(9 + -5 + (-28)/6) is divided by l(-7).
27
Suppose 11*z + 2*m = 9*z + 2940, -2*m = -10. Calculate the remainder when z is divided by 184.
177
Suppose 75*r + 68*r = -63*r + 5562. What is the remainder when 18896 is divided by r?
23
Let v(k) = 1 + 2*k + 5*k**2 + 25*k**2 + 310*k**3 - 34*k**2. Calculate the remainder when v(1) is divided by 78.
75
Suppose -72*c - 96*c + 108696 = 0. Calculate the remainder when c is divided by 5.
2
Suppose 22*o + 2842 = 10102. Suppose -40 + o = 5*k. Suppose 38 = 3*p - 5*x, 4*p - 5*p + 1 = -4*x. Calculate the remainder when k is divided by p.
16
Let s = -619 + 730. Calculate the remainder when 316 is divided by s.
94
Let g = 19963 - 19114. What is the remainder when g is divided by 403?
43
Calculate the remainder when 4/((-109977)/12572 + 9 + (-2)/8) is divided by 60.
56
Suppose r = -3*b + 2147, -b - 69*r = -65*r - 745. Calculate the remainder when b is divided by 4.
1
Let x(f) = f**2 - 22*f + 304. What is the remainder when 513 is divided by x(14)?
129
Suppose y + 76*q = 74*q + 1558, 0 = -y + 3*q + 1573. Calculate the remainder when y is divided by 162.
106
Let r = 124 - 44. Let f = 135 - r. What is the remainder when f is divided by 19?
17
Let k(l) = l**2 - 78*l + 842. Calculate the remainder when k(79) is divided by 134.
117
Let t = 2 - -21. Let o(a) = -11*a - 3*a - 6*a + 41 - 4*a + a**2. What is the remainder when o(t) is divided by 7?
4
Let i = -50 + 99. Suppose 23*w - 10 = 18*w. Suppose -7 - 31 = -w*o. What is the remainder when i is divided by o?
11
Let h be 20/(-6)*(-3 - (-63)/15). Let d(b) = 49*b**2 + b. What is the remainder when d(1) is divided by (h/(-6))/((-82)/42 + 2)?
8
Suppose -p - 5*l + 141 = 0, 4*p + 2*l + 81 = 753. Calculate the remainder when 355 is divided by p.
13
Let m(t) = -t**2 + 12 - 12 + 13*t - 2*t - 16. Let w be m(8). Calculate the remainder when 28 is divided by (3/5)/(w/200).
13
Suppose -6 = 3561*j - 3564*j. Calculate the remainder when 172 is divided by j.
0
Let u(m) = -m**3 - 2*m**2 - 2*m - 1. Suppose -5*x = 17 - 2. Suppose -1379*h + 78 = -1377*h. What is the remainder when h is divided by u(x)?
11
Let i(y) = 100*y + 14. Calculate the remainder when i(1) is divided by 177*14/(-28)*(-4)/6.
55
Suppose -4*i + 36 = f, -26 = -3*f - 2*i + 112. Calculate the remainder when f is divided by (-2)/(-23) - (-3648)/368.
8
Let y be ((9/(-2))/1)/(66/(-3036)). Suppose -6*f = -y - 51. What is the remainder when f is divided by 10?
3
Let q be 2/4*(-18)/(-9). Let d(i) = i**3 - 10*i**2 - 2*i - 15. Let j be d(10). Let y = q - j. What is the remainder when y is divided by 10?
6
What is the remainder when 169 is divided by 24/(-10) + (-1256)/(-40)?
24
Let k = -2360 + 2467. Calculate the remainder when 199 is divided by k.
92
Let x = 15292 - 15011. Suppose -2*z = -102 + 8. What is the remainder when x is divided by z?
46
Suppose 0 = 2*d - 56*x + 57*x - 204, 3*x + 95 = d. Calculate the remainder when d is divided by ((-3)/(-2))/((-12)/(-216)).
20
Suppose -3*l + 5*l + 5*d = 10, -4 = 2*l - 2*d. Let u be (-4)/(-8)*-2*l. Let n(j) = -j + 62. What is the remainder when n(u) is divided by 21?
20
Let i(u) = 18*u + 379. Calculate the remainder when 113 is divided by i(-20).
18
Suppose x + 20 = -3*r + 112, 2*x = -r + 204. Let c be 14/(-6) + 4/12. What is the remainder when x is divided by c/4*2*-35?
34
Let q(o) = o**2 - 17*o + 74. What is the remainder when 75 is divided by q(13)?
9
Suppose -4*k + 92*u = 97*u - 2526, u = 5*k - 3172. Calculate the remainder when k is divided by 129.
118
Let b(v) = 22*v**2 - 12*v - 3. Suppose 0 = 7*m - 22 + 8. Calculate the remainder when b(m) is divided by 15.
1
Let x be 165 - ((-2)/1 + 3). Suppose 6*n - x - 4 = 0. Calculate the remainder when 111 is divided by n.
27
Let y = -665 - -1230. Suppose -2*b = 3*b - y. Calculate the remainder when b is divided by 10/((3910/(-437))/(-17)).
18
Suppose -t - c + 11 = -2*c, 5*c = 0. Let p = t - 7. What is the remainder when (-1 + -43)*-8*13/208 is divided by p?
2
Let u = 5514 - 3428. Calculate the remainder when u is divided by 1042.
2
Let b = 59 - 104. Let w = b - 83. Let r = -86 - w. Calculate the remainder when r is divided by 22.
20
Let y be 2/3 + 2*15/9. Suppose 0 = 7*j - 17 - y. Suppose -j*x = -5*a + 50, 0 = -a - 4*x - 0*x + 33. What is the remainder when 114 is divided by a?
10
Suppose -2840 = -5*g + 5*p - 2005, 4*p = -4*g + 684. What is the remainder when 1190 is divided by g?
7
Let u be 1*2 - (-8 + (6 - -2)). Suppose -u*l - 4 = -42. Suppose 0*r = -4*r + 28. Calculate the remainder when l is divided by r.
5
Suppose 283*h - 9099 = 256*h. What is the remainder when h is divided by 335?
2
Suppose -6 = 2*c + 2*j, -302*j = 4*c - 307*j - 78. Let o(l) = -l**2 + l + 4. Let x be o(4). Calculate the remainder when 2/x + (-93)/(-4) is divided by c.
2
Let p = 15382 - 15369. Calculate the remainder when 10774 is divided by p.
10
Let o = 1595 - 1576. What is the remainder when o is divided by 31/11 + 6/33?
1
Suppose 2*x - 2 = 14. Suppose 14*h = 12*h + x. Suppose 0 = -h*i - 4*i + 200. What is the remainder when 122 is divided by i?
22
Suppose 3*r + 19 = -5*s, 2*r + 16 = 5*r - 2*s. Let c(w) = -w + 22*w**2 + 19*w**r + 3 + 22 - 42*w**2. Calcu